{"id":2,"date":"2019-02-02T00:10:26","date_gmt":"2019-02-01T23:10:26","guid":{"rendered":"http:\/\/renaultsport.ovh\/?page_id=2"},"modified":"2019-09-13T17:32:48","modified_gmt":"2019-09-13T15:32:48","slug":"page-d-exemple","status":"publish","type":"page","link":"https:\/\/renaultsport.ovh\/index.php\/page-d-exemple\/","title":{"rendered":"Partenaires"},"content":{"rendered":"<p>L&rsquo;association b\u00e9n\u00e9ficie d&rsquo;avantages avec des Partenaires :&nbsp;<\/p>\n<blockquote>\n<div class=\"_2cuy _3dgx _2vxa\">Pour b\u00e9n\u00e9ficier des avantages vous devez avoir la carte membre de l&rsquo;association (d&rsquo;une valeur de 15\u20ac valable 1 an) : envoyez un message \u00e0 l&rsquo;adresse mail contact@renaultsport.ovh.<\/div>\n<div><\/div>\n<div class=\"_2cuy _3dgx _2vxa\">Pour obtenir un devis chez un de nos partenaires, vous devrez pr\u00e9senter votre carte de membre ou bien<span class=\"text_exposed_show\"> un scan de celle-ci par mail au partenaire.<\/span><\/div>\n<div class=\"text_exposed_show\">\n<div class=\"_2cuy _3dgx _2vxa\"><\/div>\n<ul class=\"_5a_q _5yj1\" dir=\"ltr\">\n<li class=\"_2cuy _509q _2vxa\"><a class=\"_2u0z\" ajaxify=\"\/groups\/member_bio\/bio_dialog\/?group_id=145535209404925&amp;member_id=954126454765015&amp;ref=floc167\" rel=\"dialog\" href=\"https:\/\/www.facebook.com\/autodetailing44\/?ref=gs&amp;__tn__=%2CdK-R-R&amp;eid=ARBFMu-Ybe2OhzH9zmvmAoQIQ-232eKlNlPI9VRPTJkAO1tuRfN3KXIZltQCHNbiuuD0Ote88VhG2PZE&amp;fref=gs&amp;dti=145535209404925&amp;hc_location=group\" data-hovercard=\"\/ajax\/hovercard\/page.php?id=954126454765015&amp;extragetparams=%7B%22__tn__%22%3A%22%2CdK-R-R%22%2C%22eid%22%3A%22ARBFMu-Ybe2OhzH9zmvmAoQIQ-232eKlNlPI9VRPTJkAO1tuRfN3KXIZltQCHNbiuuD0Ote88VhG2PZE%22%2C%22directed_target_id%22%3A145535209404925%2C%22fref%22%3A%22gs%22%2C%22dti%22%3A145535209404925%2C%22hc_location%22%3A%22group%22%7D\" data-hovercard-prefer-more-content-show=\"1\" role=\"button\">Auto Detailing 44<\/a> : -25% sur toutes les prestations (detailing, r\u00e9novation phares, correction d\u00e9fauts carrosserie, r\u00e9novation et traitement si\u00e8ges en cuir, protection c\u00e9ramique &#8230;)<\/li>\n<li class=\"_2cuy _509q _2vxa\"><a class=\"_2u0z\" href=\"https:\/\/www.facebook.com\/addictauto\/?ref=gs&amp;__tn__=%2CdK-R-R&amp;eid=ARCLoEw_Cm7B61eIwfxQJPAwzPMZbpQEbdYeq46YdYRqZ1gYMWo2brvGG-EXAC572Mbrw9PngjtoqK5I&amp;fref=gs&amp;dti=145535209404925&amp;hc_location=group\" data-hovercard=\"\/ajax\/hovercard\/page.php?id=854333561289217&amp;extragetparams=%7B%22__tn__%22%3A%22%2CdK-R-R%22%2C%22eid%22%3A%22ARCLoEw_Cm7B61eIwfxQJPAwzPMZbpQEbdYeq46YdYRqZ1gYMWo2brvGG-EXAC572Mbrw9PngjtoqK5I%22%2C%22directed_target_id%22%3A145535209404925%2C%22fref%22%3A%22gs%22%2C%22dti%22%3A145535209404925%2C%22hc_location%22%3A%22group%22%7D\" data-hovercard-prefer-more-content-show=\"1\">Addict Auto<\/a> : -5% sur votre panier (contactez moi pour obtenir le code de r\u00e9duction)<\/li>\n<li class=\"_2cuy _509q _2vxa\"><a class=\"_2u0z\" href=\"https:\/\/www.facebook.com\/SpeedNoiseEchappement\/?ref=gs&amp;__tn__=%2CdK-R-R&amp;eid=ARDN023Kxt5g6RZUl93I7mWf2ruHabZ-AbtAmGXw-ZWck5R4-p_-AriMYz4G3E9dc6IOXcVBKk1EYghL&amp;fref=gs&amp;dti=145535209404925&amp;hc_location=group\" data-hovercard=\"\/ajax\/hovercard\/page.php?id=221069011977253&amp;extragetparams=%7B%22__tn__%22%3A%22%2CdK-R-R%22%2C%22eid%22%3A%22ARDN023Kxt5g6RZUl93I7mWf2ruHabZ-AbtAmGXw-ZWck5R4-p_-AriMYz4G3E9dc6IOXcVBKk1EYghL%22%2C%22directed_target_id%22%3A145535209404925%2C%22fref%22%3A%22gs%22%2C%22dti%22%3A145535209404925%2C%22hc_location%22%3A%22group%22%7D\" data-hovercard-prefer-more-content-show=\"1\">Speed Noise<\/a> : -20% sur toutes les prestations<\/li>\n<li class=\"_2cuy _509q _2vxa\"><a class=\"_2u0z\" ajaxify=\"\/groups\/member_bio\/bio_dialog\/?group_id=145535209404925&amp;member_id=994194973954602&amp;ref=floc167\" rel=\"dialog\" href=\"https:\/\/www.facebook.com\/jr27111987\/?ref=gs&amp;__tn__=%2CdK-R-R&amp;eid=ARC6V67iarnCtfpihvl79L8jLRYpoM08kM4O0vFqGHqZJT9j-aozXDxhqP8frbM4wHTOaiA9qF6Y4600&amp;fref=gs&amp;dti=145535209404925&amp;hc_location=group\" data-hovercard=\"\/ajax\/hovercard\/page.php?id=994194973954602&amp;extragetparams=%7B%22__tn__%22%3A%22%2CdK-R-R%22%2C%22eid%22%3A%22ARC6V67iarnCtfpihvl79L8jLRYpoM08kM4O0vFqGHqZJT9j-aozXDxhqP8frbM4wHTOaiA9qF6Y4600%22%2C%22directed_target_id%22%3A145535209404925%2C%22fref%22%3A%22gs%22%2C%22dti%22%3A145535209404925%2C%22hc_location%22%3A%22group%22%7D\" data-hovercard-prefer-more-content-show=\"1\" role=\"button\">Jrcompetition pr\u00e9parateur moteur bo\u00eete ch\u00e2ssis <\/a>: -10% sur la gamme d&rsquo;huile Motul, -15% sur la gamme de bougies iridium, -15% sur les reprogrammations moteurs<\/li>\n<li><a href=\"http:\/\/www.mecadompreparation.com\/\">M\u00e9cadom Pr\u00e9paration<\/a> : -10% sur la gamme d&rsquo;huile Motul, -15% sur la gamme de bougies iridium, -15% sur les reprogrammations moteurs. Passage au banc au tarif de 60e au lieu de 90e&nbsp;<\/li>\n<li class=\"_2cuy _509q _2vxa\"><a class=\"_2u0z\" href=\"https:\/\/www.facebook.com\/LedPerf\/?ref=gs&amp;__tn__=%2CdK-R-R&amp;eid=ARBEuUki-Ev4_u98qWBRFUCafS5W4KwmtxY8pefYp09GPkZ6RDgqkCsmZePky-ZVFHHxy059zCEUSHLo&amp;fref=gs&amp;dti=145535209404925&amp;hc_location=group\" data-hovercard=\"\/ajax\/hovercard\/page.php?id=191186320966672&amp;extragetparams=%7B%22__tn__%22%3A%22%2CdK-R-R%22%2C%22eid%22%3A%22ARBEuUki-Ev4_u98qWBRFUCafS5W4KwmtxY8pefYp09GPkZ6RDgqkCsmZePky-ZVFHHxy059zCEUSHLo%22%2C%22directed_target_id%22%3A145535209404925%2C%22fref%22%3A%22gs%22%2C%22dti%22%3A145535209404925%2C%22hc_location%22%3A%22group%22%7D\" data-hovercard-prefer-more-content-show=\"1\">LedPerf.com<\/a> : -10% sur votre panier (contactez moi pour obtenir le code de r\u00e9duction)<\/li>\n<li class=\"_2cuy _509q _2vxa\"><a class=\"_2u0z\" href=\"https:\/\/www.facebook.com\/AstikotoStPhilbertdeGrandLieu\/?ref=gs&amp;__tn__=%2CdK-R-R&amp;eid=ARDOusIeVhflV8l1GrrdkHJCVTIUoIz4uHOhnbKCfIQmVBYEPkbNuKbZV008EyEfQgVWhnmP3dH1DHG3&amp;fref=gs&amp;dti=145535209404925&amp;hc_location=group\" data-hovercard=\"\/ajax\/hovercard\/page.php?id=286668031667364&amp;extragetparams=%7B%22__tn__%22%3A%22%2CdK-R-R%22%2C%22eid%22%3A%22ARDOusIeVhflV8l1GrrdkHJCVTIUoIz4uHOhnbKCfIQmVBYEPkbNuKbZV008EyEfQgVWhnmP3dH1DHG3%22%2C%22directed_target_id%22%3A145535209404925%2C%22fref%22%3A%22gs%22%2C%22dti%22%3A145535209404925%2C%22hc_location%22%3A%22group%22%7D\" data-hovercard-prefer-more-content-show=\"1\">Astikoto (Saint Philbert de Grand Lieu<\/a>, <a href=\"https:\/\/www.facebook.com\/astikotovertou\/\">Vertou<\/a>, <a href=\"https:\/\/www.facebook.com\/astikotoreze\/\">Rez\u00e9<\/a>) : -10% sur les produits LS, -10% sur la carte de lavage (39\u20ac de lavage pour 30\u20ac pay\u00e9)<\/li>\n<li class=\"_2cuy _509q _2vxa\"><a class=\"_2u0z\" href=\"https:\/\/www.facebook.com\/renopolishauto\/?ref=gs&amp;__tn__=%2CdK-R-R&amp;eid=ARBv3Wp3t30bOcBvX21Xpv2w9qju25uD9-iOM7CLZIWlazTsIXNQzcG84HorgVjvqWcfSLNC9sxHKrb1&amp;fref=gs&amp;dti=145535209404925&amp;hc_location=group\" data-hovercard=\"\/ajax\/hovercard\/page.php?id=115082355221277&amp;extragetparams=%7B%22__tn__%22%3A%22%2CdK-R-R%22%2C%22eid%22%3A%22ARBv3Wp3t30bOcBvX21Xpv2w9qju25uD9-iOM7CLZIWlazTsIXNQzcG84HorgVjvqWcfSLNC9sxHKrb1%22%2C%22directed_target_id%22%3A145535209404925%2C%22fref%22%3A%22gs%22%2C%22dti%22%3A145535209404925%2C%22hc_location%22%3A%22group%22%7D\" data-hovercard-prefer-more-content-show=\"1\" id=\"js_33c\" aria-describedby=\"u_7h_1\" aria-owns=\"js_32s\">RenoPolishAuto<\/a> : -5% sur la boutique en ligne et au magasin aux Sorini\u00e8res\n<ul class=\"_5a_q _5yj1\" dir=\"ltr\"><\/ul>\n<\/li>\n<li class=\"_2cuy _509q _2vxa\"><a class=\"_2u0z\" href=\"https:\/\/www.facebook.com\/configracing\/?ref=gs&amp;__tn__=%2CdK-R-R&amp;eid=ARDd82Zu8zw-xMMQI1MqgdW7IwcXd2Vky08ZZjMw9Nq3dve6aC6nn2g_UAAvuXl0JUSUhff46pexDj2z&amp;fref=gs&amp;dti=145535209404925&amp;hc_location=group\" data-hovercard=\"\/ajax\/hovercard\/page.php?id=216211211594&amp;extragetparams=%7B%22__tn__%22%3A%22%2CdK-R-R%22%2C%22eid%22%3A%22ARDd82Zu8zw-xMMQI1MqgdW7IwcXd2Vky08ZZjMw9Nq3dve6aC6nn2g_UAAvuXl0JUSUhff46pexDj2z%22%2C%22directed_target_id%22%3A145535209404925%2C%22fref%22%3A%22gs%22%2C%22dti%22%3A145535209404925%2C%22hc_location%22%3A%22group%22%7D\" data-hovercard-prefer-more-content-show=\"1\" id=\"js_375\" aria-describedby=\"u_74_1\" aria-owns=\"js_2xh\">Config-racing.com<\/a> : -15% sur tout le site (sauf quelques exceptions : pi\u00e8ce carrosserie, makrolon et quelques marques ne rentre pas dans la remise)<\/li>\n<li><a href=\"http:\/\/fbi-motors.e-monsite.com\/contact\/\">Fbi-motors<\/a> : -10% sur la prestation<\/li>\n<\/ul>\n<\/div>\n<\/blockquote>\n\n\n<div class=\"wp-block-jetpack-slideshow aligncenter\" data-effect=\"slide\"><div class=\"wp-block-jetpack-slideshow_container swiper-container\"><ul class=\"wp-block-jetpack-slideshow_swiper-wrappper swiper-wrapper\"><li class=\"wp-block-jetpack-slideshow_slide swiper-slide\"><figure><img loading=\"lazy\" width=\"705\" height=\"545\" alt=\"\" class=\"wp-block-jetpack-slideshow_image wp-image-134\" data-id=\"134\" src=\"https:\/\/i0.wp.com\/renaultsport.ovh\/wp-content\/uploads\/2019\/09\/29573079_828692177327597_7993429956979444873_n.jpg?resize=705%2C545\" srcset=\"https:\/\/i0.wp.com\/renaultsport.ovh\/wp-content\/uploads\/2019\/09\/29573079_828692177327597_7993429956979444873_n.jpg?w=705&amp;ssl=1 705w, https:\/\/i0.wp.com\/renaultsport.ovh\/wp-content\/uploads\/2019\/09\/29573079_828692177327597_7993429956979444873_n.jpg?resize=300%2C232&amp;ssl=1 300w, https:\/\/i0.wp.com\/renaultsport.ovh\/wp-content\/uploads\/2019\/09\/29573079_828692177327597_7993429956979444873_n.jpg?resize=600%2C464&amp;ssl=1 600w\" sizes=\"(max-width: 705px) 100vw, 705px\" data-recalc-dims=\"1\" \/><\/figure><\/li><li class=\"wp-block-jetpack-slideshow_slide swiper-slide\"><figure><img loading=\"lazy\" width=\"750\" height=\"423\" alt=\"\" class=\"wp-block-jetpack-slideshow_image wp-image-153\" data-id=\"153\" src=\"https:\/\/i0.wp.com\/renaultsport.ovh\/wp-content\/uploads\/2019\/09\/49787660_2017576914994261_6264612982680977408_n-2.jpg?resize=750%2C423\" srcset=\"https:\/\/i0.wp.com\/renaultsport.ovh\/wp-content\/uploads\/2019\/09\/49787660_2017576914994261_6264612982680977408_n-2.jpg?w=820&amp;ssl=1 820w, https:\/\/i0.wp.com\/renaultsport.ovh\/wp-content\/uploads\/2019\/09\/49787660_2017576914994261_6264612982680977408_n-2.jpg?resize=300%2C169&amp;ssl=1 300w, https:\/\/i0.wp.com\/renaultsport.ovh\/wp-content\/uploads\/2019\/09\/49787660_2017576914994261_6264612982680977408_n-2.jpg?resize=768%2C433&amp;ssl=1 768w, https:\/\/i0.wp.com\/renaultsport.ovh\/wp-content\/uploads\/2019\/09\/49787660_2017576914994261_6264612982680977408_n-2.jpg?resize=600%2C338&amp;ssl=1 600w\" sizes=\"(max-width: 750px) 100vw, 750px\" data-recalc-dims=\"1\" \/><\/figure><\/li><li class=\"wp-block-jetpack-slideshow_slide swiper-slide\"><figure><img loading=\"lazy\" width=\"750\" height=\"465\" alt=\"\" class=\"wp-block-jetpack-slideshow_image wp-image-154\" data-id=\"154\" src=\"https:\/\/i0.wp.com\/renaultsport.ovh\/wp-content\/uploads\/2019\/09\/56173326_2809871259053622_4322609696927121408_o-1.jpg?resize=750%2C465\" srcset=\"https:\/\/i0.wp.com\/renaultsport.ovh\/wp-content\/uploads\/2019\/09\/56173326_2809871259053622_4322609696927121408_o-1.jpg?w=2011&amp;ssl=1 2011w, https:\/\/i0.wp.com\/renaultsport.ovh\/wp-content\/uploads\/2019\/09\/56173326_2809871259053622_4322609696927121408_o-1.jpg?resize=300%2C186&amp;ssl=1 300w, https:\/\/i0.wp.com\/renaultsport.ovh\/wp-content\/uploads\/2019\/09\/56173326_2809871259053622_4322609696927121408_o-1.jpg?resize=768%2C477&amp;ssl=1 768w, https:\/\/i0.wp.com\/renaultsport.ovh\/wp-content\/uploads\/2019\/09\/56173326_2809871259053622_4322609696927121408_o-1.jpg?resize=1024%2C635&amp;ssl=1 1024w, https:\/\/i0.wp.com\/renaultsport.ovh\/wp-content\/uploads\/2019\/09\/56173326_2809871259053622_4322609696927121408_o-1.jpg?resize=600%2C372&amp;ssl=1 600w, https:\/\/i0.wp.com\/renaultsport.ovh\/wp-content\/uploads\/2019\/09\/56173326_2809871259053622_4322609696927121408_o-1.jpg?w=1500 1500w\" sizes=\"(max-width: 750px) 100vw, 750px\" data-recalc-dims=\"1\" \/><\/figure><\/li><li class=\"wp-block-jetpack-slideshow_slide swiper-slide\"><figure><img loading=\"lazy\" width=\"694\" height=\"959\" alt=\"\" class=\"wp-block-jetpack-slideshow_image wp-image-155\" data-id=\"155\" src=\"https:\/\/i0.wp.com\/renaultsport.ovh\/wp-content\/uploads\/2019\/09\/58442649_1238423989664315_5875682747472674816_n-1.jpg?resize=694%2C959\" srcset=\"https:\/\/i0.wp.com\/renaultsport.ovh\/wp-content\/uploads\/2019\/09\/58442649_1238423989664315_5875682747472674816_n-1.jpg?w=694&amp;ssl=1 694w, https:\/\/i0.wp.com\/renaultsport.ovh\/wp-content\/uploads\/2019\/09\/58442649_1238423989664315_5875682747472674816_n-1.jpg?resize=217%2C300&amp;ssl=1 217w, https:\/\/i0.wp.com\/renaultsport.ovh\/wp-content\/uploads\/2019\/09\/58442649_1238423989664315_5875682747472674816_n-1.jpg?resize=600%2C829&amp;ssl=1 600w\" sizes=\"(max-width: 694px) 100vw, 694px\" data-recalc-dims=\"1\" \/><\/figure><\/li><li class=\"wp-block-jetpack-slideshow_slide swiper-slide\"><figure><img loading=\"lazy\" width=\"750\" height=\"750\" alt=\"\" class=\"wp-block-jetpack-slideshow_image wp-image-156\" data-id=\"156\" src=\"https:\/\/i0.wp.com\/renaultsport.ovh\/wp-content\/uploads\/2019\/09\/58444026_1238427039664010_6031608378352992256_n-1.jpg?resize=750%2C750\" srcset=\"https:\/\/i0.wp.com\/renaultsport.ovh\/wp-content\/uploads\/2019\/09\/58444026_1238427039664010_6031608378352992256_n-1.jpg?w=800&amp;ssl=1 800w, https:\/\/i0.wp.com\/renaultsport.ovh\/wp-content\/uploads\/2019\/09\/58444026_1238427039664010_6031608378352992256_n-1.jpg?resize=150%2C150&amp;ssl=1 150w, https:\/\/i0.wp.com\/renaultsport.ovh\/wp-content\/uploads\/2019\/09\/58444026_1238427039664010_6031608378352992256_n-1.jpg?resize=300%2C300&amp;ssl=1 300w, https:\/\/i0.wp.com\/renaultsport.ovh\/wp-content\/uploads\/2019\/09\/58444026_1238427039664010_6031608378352992256_n-1.jpg?resize=768%2C768&amp;ssl=1 768w, https:\/\/i0.wp.com\/renaultsport.ovh\/wp-content\/uploads\/2019\/09\/58444026_1238427039664010_6031608378352992256_n-1.jpg?resize=600%2C600&amp;ssl=1 600w, https:\/\/i0.wp.com\/renaultsport.ovh\/wp-content\/uploads\/2019\/09\/58444026_1238427039664010_6031608378352992256_n-1.jpg?resize=100%2C100&amp;ssl=1 100w, https:\/\/i0.wp.com\/renaultsport.ovh\/wp-content\/uploads\/2019\/09\/58444026_1238427039664010_6031608378352992256_n-1.jpg?resize=50%2C50&amp;ssl=1 50w\" sizes=\"(max-width: 750px) 100vw, 750px\" data-recalc-dims=\"1\" \/><\/figure><\/li><li class=\"wp-block-jetpack-slideshow_slide swiper-slide\"><figure><img loading=\"lazy\" width=\"750\" height=\"530\" alt=\"\" class=\"wp-block-jetpack-slideshow_image wp-image-157\" data-id=\"157\" src=\"https:\/\/i0.wp.com\/renaultsport.ovh\/wp-content\/uploads\/2019\/09\/58610220_1238425826330798_6715021693296836608_n-1.jpg?resize=750%2C530\" srcset=\"https:\/\/i0.wp.com\/renaultsport.ovh\/wp-content\/uploads\/2019\/09\/58610220_1238425826330798_6715021693296836608_n-1.jpg?w=842&amp;ssl=1 842w, https:\/\/i0.wp.com\/renaultsport.ovh\/wp-content\/uploads\/2019\/09\/58610220_1238425826330798_6715021693296836608_n-1.jpg?resize=300%2C212&amp;ssl=1 300w, https:\/\/i0.wp.com\/renaultsport.ovh\/wp-content\/uploads\/2019\/09\/58610220_1238425826330798_6715021693296836608_n-1.jpg?resize=768%2C543&amp;ssl=1 768w, https:\/\/i0.wp.com\/renaultsport.ovh\/wp-content\/uploads\/2019\/09\/58610220_1238425826330798_6715021693296836608_n-1.jpg?resize=600%2C424&amp;ssl=1 600w\" sizes=\"(max-width: 750px) 100vw, 750px\" data-recalc-dims=\"1\" \/><\/figure><\/li><li class=\"wp-block-jetpack-slideshow_slide swiper-slide\"><figure><img loading=\"lazy\" width=\"747\" height=\"359\" alt=\"\" class=\"wp-block-jetpack-slideshow_image wp-image-158\" data-id=\"158\" src=\"https:\/\/i0.wp.com\/renaultsport.ovh\/wp-content\/uploads\/2019\/09\/58673959_1238429856330395_2060082369196457984_n-2.jpg?resize=747%2C359\" srcset=\"https:\/\/i0.wp.com\/renaultsport.ovh\/wp-content\/uploads\/2019\/09\/58673959_1238429856330395_2060082369196457984_n-2.jpg?w=747&amp;ssl=1 747w, https:\/\/i0.wp.com\/renaultsport.ovh\/wp-content\/uploads\/2019\/09\/58673959_1238429856330395_2060082369196457984_n-2.jpg?resize=300%2C144&amp;ssl=1 300w, https:\/\/i0.wp.com\/renaultsport.ovh\/wp-content\/uploads\/2019\/09\/58673959_1238429856330395_2060082369196457984_n-2.jpg?resize=600%2C288&amp;ssl=1 600w\" sizes=\"(max-width: 747px) 100vw, 747px\" data-recalc-dims=\"1\" \/><\/figure><\/li><li class=\"wp-block-jetpack-slideshow_slide swiper-slide\"><figure><img loading=\"lazy\" width=\"403\" height=\"193\" alt=\"\" class=\"wp-block-jetpack-slideshow_image wp-image-159\" data-id=\"159\" src=\"https:\/\/i0.wp.com\/renaultsport.ovh\/wp-content\/uploads\/2019\/09\/64401756_1274828609357186_4836125818017021952_n-1.jpg?resize=403%2C193\" srcset=\"https:\/\/i0.wp.com\/renaultsport.ovh\/wp-content\/uploads\/2019\/09\/64401756_1274828609357186_4836125818017021952_n-1.jpg?w=403&amp;ssl=1 403w, https:\/\/i0.wp.com\/renaultsport.ovh\/wp-content\/uploads\/2019\/09\/64401756_1274828609357186_4836125818017021952_n-1.jpg?resize=300%2C144&amp;ssl=1 300w\" sizes=\"(max-width: 403px) 100vw, 403px\" data-recalc-dims=\"1\" \/><\/figure><\/li><li class=\"wp-block-jetpack-slideshow_slide swiper-slide\"><figure><img loading=\"lazy\" width=\"380\" height=\"117\" alt=\"\" class=\"wp-block-jetpack-slideshow_image wp-image-160\" data-id=\"160\" src=\"https:\/\/i0.wp.com\/renaultsport.ovh\/wp-content\/uploads\/2019\/09\/config-racing-logo-1455138108-1.png?resize=380%2C117\" srcset=\"https:\/\/i0.wp.com\/renaultsport.ovh\/wp-content\/uploads\/2019\/09\/config-racing-logo-1455138108-1.png?w=380&amp;ssl=1 380w, https:\/\/i0.wp.com\/renaultsport.ovh\/wp-content\/uploads\/2019\/09\/config-racing-logo-1455138108-1.png?resize=300%2C92&amp;ssl=1 300w\" sizes=\"(max-width: 380px) 100vw, 380px\" data-recalc-dims=\"1\" \/><\/figure><\/li><li class=\"wp-block-jetpack-slideshow_slide swiper-slide\"><figure><img loading=\"lazy\" width=\"750\" height=\"422\" alt=\"\" class=\"wp-block-jetpack-slideshow_image wp-image-161\" data-id=\"161\" src=\"https:\/\/i0.wp.com\/renaultsport.ovh\/wp-content\/uploads\/2019\/09\/Reno-polish-auto-1-1.jpg?resize=750%2C422\" srcset=\"https:\/\/i0.wp.com\/renaultsport.ovh\/wp-content\/uploads\/2019\/09\/Reno-polish-auto-1-1.jpg?w=750&amp;ssl=1 750w, https:\/\/i0.wp.com\/renaultsport.ovh\/wp-content\/uploads\/2019\/09\/Reno-polish-auto-1-1.jpg?resize=300%2C169&amp;ssl=1 300w, https:\/\/i0.wp.com\/renaultsport.ovh\/wp-content\/uploads\/2019\/09\/Reno-polish-auto-1-1.jpg?resize=600%2C338&amp;ssl=1 600w\" sizes=\"(max-width: 750px) 100vw, 750px\" data-recalc-dims=\"1\" \/><\/figure><\/li><\/ul><a class=\"wp-block-jetpack-slideshow_button-prev swiper-button-prev swiper-button-white\" role=\"button\"><\/a><a class=\"wp-block-jetpack-slideshow_button-next swiper-button-next swiper-button-white\" role=\"button\"><\/a><a aria-label=\"Pause Slideshow\" class=\"wp-block-jetpack-slideshow_button-pause\" role=\"button\"><\/a><div class=\"wp-block-jetpack-slideshow_pagination swiper-pagination swiper-pagination-white\"><\/div><\/div><\/div>\n","protected":false},"excerpt":{"rendered":"<p>L&rsquo;association b\u00e9n\u00e9ficie d&rsquo;avantages avec des Partenaires :&nbsp; Pour b\u00e9n\u00e9ficier des avantages vous devez avoir la carte membre de l&rsquo;association (d&rsquo;une valeur de 15\u20ac valable 1 an) : envoyez un message \u00e0 l&rsquo;adresse mail contact@renaultsport.ovh. Pour<a class=\"moretag\" href=\"https:\/\/renaultsport.ovh\/index.php\/page-d-exemple\/\"> Read more&hellip;<\/a><\/p>\n","protected":false},"author":1,"featured_media":0,"parent":0,"menu_order":0,"comment_status":"closed","ping_status":"open","template":"","meta":{"jetpack_post_was_ever_published":false},"jetpack_sharing_enabled":true,"jetpack_shortlink":"https:\/\/wp.me\/PaPKk6-2","_links":{"self":[{"href":"https:\/\/renaultsport.ovh\/index.php\/wp-json\/wp\/v2\/pages\/2"}],"collection":[{"href":"https:\/\/renaultsport.ovh\/index.php\/wp-json\/wp\/v2\/pages"}],"about":[{"href":"https:\/\/renaultsport.ovh\/index.php\/wp-json\/wp\/v2\/types\/page"}],"author":[{"embeddable":true,"href":"https:\/\/renaultsport.ovh\/index.php\/wp-json\/wp\/v2\/users\/1"}],"replies":[{"embeddable":true,"href":"https:\/\/renaultsport.ovh\/index.php\/wp-json\/wp\/v2\/comments?post=2"}],"version-history":[{"count":8,"href":"https:\/\/renaultsport.ovh\/index.php\/wp-json\/wp\/v2\/pages\/2\/revisions"}],"predecessor-version":[{"id":162,"href":"https:\/\/renaultsport.ovh\/index.php\/wp-json\/wp\/v2\/pages\/2\/revisions\/162"}],"wp:attachment":[{"href":"https:\/\/renaultsport.ovh\/index.php\/wp-json\/wp\/v2\/media?parent=2"}],"curies":[{"name":"wp","href":"https:\/\/api.w.org\/{rel}","templated":true}]}}